rue
Let x(i) = i + 21. Let d be x(-19). Let r(c) = 4*c + c**3 - 9*c**d + 2 + 5 + 0*c**3 + 0*c**3. Is r(11) prime?
True
Let o = 34 + -34. Let h(x) = -x**3 - x**2 + 3282. Let f be h(o). Suppose 5*p - f = 383. Is p a composite number?
False
Let b(o) = o**2 + 6*o - 14. Let z be b(-7). Is (z + 0)/(((-6)/178)/3) a composite number?
True
Let r be (4 + (-27)/6)*-2230. Suppose 0*x + r = 5*x. Is x prime?
True
Let v(f) = 3434*f + 109. Is v(22) composite?
True
Suppose 42*y = 9*y + 131637. Is y a prime number?
True
Is (14/(-3))/(324/(-627426)) prime?
False
Suppose -3*k = -7 - 8. Suppose l = 4*t - 0*t + 1625, 8104 = k*l + t. Is l a composite number?
False
Let n(t) = 7 - t**2 + 56*t**3 - 2*t**2 - 58*t**3 - 12*t**2 - 8*t. Is n(-12) composite?
False
Let y(n) = -7*n + 7. Let v be y(6). Let c = -11 + 67. Let s = c + v. Is s prime?
False
Let x = -41 + 1432. Is x prime?
False
Suppose 2*o - 3 + 5 = 0, -3*o = -3*h + 181968. Suppose -5*p + 0*p + h = 0. Is p composite?
True
Suppose -6*u + 16650 - 5244 = 0. Let v = u + -1000. Is v composite?
True
Let i be (-410)/(-4) + 1*(-4)/8. Let w be (-25)/(-9) - (-6)/27. Suppose -r + 3*k = 2*r - i, -w*r + 2*k + 103 = 0. Is r a composite number?
True
Let t = 319 - 260. Is t composite?
False
Let o(k) = 13*k**2 - k - 2. Let t be o(-3). Let i = 189 - t. Suppose 6*m - 5*m - i = 0. Is m prime?
True
Let o(h) = h**2 - 2*h - 1. Suppose 4*u - 12 = -3*w + 19, -u = -3*w - 4. Let k be o(u). Suppose 3*n - k - 29 = 0. Is n a composite number?
True
Let m(s) = -93*s**3 - 10*s**2 + 14*s - 2. Is m(-5) composite?
True
Suppose 0 = 2*d - 4*j - 93466, -11*d - 3*j = -13*d + 93461. Is d a composite number?
False
Let l = 24 + -17. Suppose 9*d = l*d + 926. Is d composite?
False
Let g(c) be the second derivative of 2*c**4/3 + 2*c**3/3 - 9*c**2/2 - 2*c. Is g(7) composite?
True
Let u(t) = 33*t - 15. Suppose 50 = 7*m - 34. Is u(m) prime?
False
Let h(y) = -y**3 - y**2 - 1. Let k be h(-2). Let g(x) = -5*x**2 - 2 + 2*x + 3*x**k + 7*x + 6*x**2. Is g(5) prime?
True
Let j(t) = 116*t**2 - t - 4. Let z(f) = 7 - 3 - 4 - 3*f + 3. Let p be z(2). Is j(p) a prime number?
False
Let v be 81/(-7) - 6/14. Let n(b) = -b**3 - 7*b**2 + 14*b + 5. Is n(v) a composite number?
False
Let c(f) = -431*f**2 + 8*f - 10. Let b(z) = 863*z**2 - 15*z + 19. Let l(i) = 3*b(i) + 5*c(i). Is l(2) composite?
False
Let i(t) = 6*t - 20. Let b be i(12). Let u = -41 + b. Is u prime?
True
Let i be 15 - (-2)/((-8)/12). Suppose -t = 2*t - i. Is -3 + t + 1 - -37 a prime number?
False
Is (-556927)/(-21) + 10/15 composite?
True
Let o(z) = -5*z**3 + 8*z**2 - 8*z - 6. Let k(c) = -9*c**3 + 16*c**2 - 16*c - 12. Let q(i) = 6*k(i) - 11*o(i). Is q(-8) a composite number?
True
Is (-10)/4*(2 - 2100) composite?
True
Suppose -k = -0*k - 16. Let l = k - 12. Suppose -111 = 3*a - l*a. Is a a composite number?
True
Let o(v) = -v**3 - 17*v**2 + 12*v + 12. Let q be o(-13). Let g = -129 - q. Is g a composite number?
False
Let k be (-4 + 84/(-8))/(1/44). Let m = -447 - k. Is m a prime number?
True
Let c = -20439 + 41102. Is c composite?
False
Suppose -2*p - 4 = 0, -3*p = 3*j - 0*p - 15. Let u = j - 7. Suppose -c - 6 + 25 = u. Is c a prime number?
True
Suppose 3*y = 4*b + 2036, 4*b = 3*y + y - 2716. Suppose -3*z + 2*j + 1181 = 0, -2*j = 5*z + y - 2627. Is z composite?
True
Let y(p) = 76*p + 13. Let c = 26 - 23. Suppose -4*i + 9 = 2*x - 9, 0 = x - c*i - 14. Is y(x) a prime number?
False
Suppose -13 = a + 2*a + i, -a - 2*i = 11. Is 263/4 + a/4 a composite number?
True
Let v be (2/(-4))/(2/(-4)). Let u = v - -89. Suppose u - 20 = 2*g. Is g a composite number?
True
Let f(x) = -x**3 + 14*x**2 - 23*x + 39. Is f(12) a composite number?
True
Let g be 17/(-1 - (-1)/2). Suppose 110 = 81*u - 79*u. Let l = g + u. Is l a composite number?
True
Let x(f) = -32*f - 49*f - 13 + f - 30*f. Is x(-3) composite?
False
Let b(g) = -71*g - 32 - 129*g + 19. Is b(-4) a composite number?
False
Let s = 338 + 1333. Is s a prime number?
False
Let q(c) = -15653*c - 36. Is q(-3) prime?
False
Let a(i) = 8*i**2 + 5*i + 11. Let g be -17 - (-12)/3 - -1. Is a(g) composite?
False
Let g = 42169 - 10686. Is g composite?
True
Let g = 332 - 859. Let s = 191 + g. Let o = 595 + s. Is o composite?
True
Let k = 6765 - 3998. Is k a prime number?
True
Suppose 346584 = 31*z - 376925. Is z a prime number?
True
Suppose 4*o + 17*o - 35427 = 0. Is o a composite number?
True
Suppose 0 = -17*t + 58*t - 74251. Is t prime?
True
Let u = -99 - -102. Suppose j + 2*w - 1885 = -70, 2*j = u*w + 3644. Is j a composite number?
True
Suppose -36*d = -38*d. Let x(k) be the first derivative of 3*k**2/2 + 379*k - 2. Is x(d) composite?
False
Suppose -s - 2*h + 21 = -20, 5*s + 4*h - 217 = 0. Is (-7 - -2)*(-4491)/s a prime number?
True
Suppose 5*c - 12 = 2*c. Suppose -c*h + 16275 + 8297 = 0. Is h a prime number?
True
Let i be 2/(-4 + (-415)/(-104)). Let r = -179 - -64. Let t = r - i. Is t composite?
True
Is -2*(289616/(-96))/(3/9) a composite number?
True
Suppose -p + 3*x - 16 = 0, 5*p + 5*x = -6 - 14. Let r be (-1970)/(-35) - (-2)/p. Let k = r - -15. Is k composite?
False
Suppose 2*g - 3918 = z + 2770, z = 4*g - 13374. Is g prime?
True
Let m(p) = -9*p**2 - 2*p + 1. Let g be m(1). Is (-699)/(-2)*g/(-2 + -3) prime?
False
Let f be 1/3 - (-56)/21. Suppose 21 = 5*a + f*v, -4*a + v + 1 = -3*a. Suppose -5*z - 3*j + 484 = 0, 0*z - a*j = -4*z + 371. Is z a prime number?
False
Let r(v) = 17*v**2 + 8*v**2 + 10*v**2 - 31*v**2 - 2*v**3 + 7 + 15*v. Is r(-8) a prime number?
False
Let r = 47504 + -9391. Is r composite?
False
Let f(y) = 1381*y**3 - y + 1. Is f(1) a prime number?
True
Let p(v) = -v**2 - v + 6. Let c be p(-5). Let a = 12 + c. Is (7/(-21))/(a/798) a composite number?
True
Suppose -2*t + 940 = 2*f, -8*f + 1882 = -4*f + 3*t. Suppose -10*z = -14*z + f. Is z prime?
False
Let f be ((-9)/(-6))/(2/4). Suppose -f*l - l + 1868 = 0. Is l a prime number?
True
Let z(q) = 863*q**3 - q**2 - 7*q + 10. Is z(3) a composite number?
True
Let d = 893 + -810. Is d a prime number?
True
Suppose -3*t + 4*k = -4463, -5*t - 4*k = -k - 7390. Is t a prime number?
True
Let m = -3 - -22. Let a = 4 - 8. Let z = a + m. Is z a prime number?
False
Let f be (-5 - -2)/3*-8. Suppose 4*z = -4*h + f, 5*z - 19 - 21 = 5*h. Suppose z*d - d = 136. Is d a prime number?
False
Let p(b) = -b**3 + b**2 + 2*b + 731. Let j be p(0). Let o = j - 480. Is o a composite number?
False
Let k be 9/((-108)/(-6008))*(-66)/(-2). Is 3/5 - k/(-55) composite?
True
Is 13234 + 2 + 4 + -11 prime?
True
Let x(l) be the first derivative of -l**4 + l**3/3 - 9*l - 6. Is x(-4) composite?
False
Let p = 34 - 22. Is 443/4 + 3/p a composite number?
True
Suppose -2*c = -22329 - 28115. Is c composite?
True
Suppose 226552 = -6*k + 14*k. Is k prime?
True
Let c(y) = 125*y**2 + 13*y + 29. Is c(-9) a composite number?
False
Suppose 225717 = 5*g + 4*r, 27*g + 180574 = 31*g + 3*r. Is g prime?
False
Suppose 54383 - 2373 = 2*g. Suppose -15*j + 10*j + g = 0. Is j prime?
False
Suppose 5*d - 27775 = -2*b, 0*d = -5*d - b + 27780. Is d a prime number?
True
Let m(h) be the third derivative of -h**5/30 - h**4/4 + 4*h**3/3 - 5*h**2. Let i be m(-6). Let d = 61 - i. Is d composite?
False
Let l(j) = -2*j**3 + 4*j**2 - 3*j + 6. Let n be l(3). Let q = n - -244. Is q a prime number?
True
Is (-10258)/(-5) - (-7 - 114/(-15)) a prime number?
False
Suppose 106*t - 108*t = 3*u - 123700, 0 = -5*u - 10. Is t a composite number?
True
Let p = 9883 - 1494. Is p a prime number?
True
Suppose -2 = -f - 0, -3*m + 148775 = 4*f. Is m composite?
True
Suppose -3*p = -2*p. Is -2 - (-151 - p/2) composite?
False
Let w(h) = 3*h**3 - 11*h**2 - 3*h + 9. Suppose -5*c + 19 = 4. Let o(v) = -2*v**3 + 11*v**2 + 4*v - 9. Let x(l) = c*w(l) + 4*o(l). Is x(-8) a prime number?
True
Suppose -2*u - 969 = -d - 6*u, 0 = 5*d - u - 4929. Is d a prime number?
False
Let f(s) = 835*s**2 - 16*s - 94. Is f(-6) composite?
True
Suppose 176 - 456 = -4*p. Is (-2)/(-10)*3 - (-5978)/p prime?
False
Let c(d) = 19*d**2 - 2*d - 13. Let t = 21 + -18. Suppose 0 = t*y + 4*z + 38, 5*y - 2*z = z - 15. Is c(y) prime?
True
Let q(o) = o**2 + o + 7. Let w(f) = -10*f - f**3 - 4*f**2 + 3 - 11 - 5*f**2. Let p be w(-8). Is q(p) composite?
False
Let l = -19743 - -35612. Is l a prime number?
False
Let i be (-33612)/(-7) + (0 - (-8)/28). Let l = -1717 + i. Is l compos